{"id":1159,"date":"2019-12-12T00:06:53","date_gmt":"2019-12-12T00:06:53","guid":{"rendered":"http:\/\/89.37.143.192\/?page_id=1159"},"modified":"2020-11-28T10:03:00","modified_gmt":"2020-11-28T10:03:00","slug":"pentru-corporate","status":"publish","type":"page","link":"https:\/\/ananya.ro\/index.php\/pentru-corporate\/","title":{"rendered":"Pentru Corporate"},"content":{"rendered":"<p><div class=\"fusion-fullwidth fullwidth-box fusion-builder-row-1 nonhundred-percent-fullwidth non-hundred-percent-height-scrolling\" style=\"--awb-border-radius-top-left:0px;--awb-border-radius-top-right:0px;--awb-border-radius-bottom-right:0px;--awb-border-radius-bottom-left:0px;--awb-padding-right:0%;--awb-padding-bottom:0%;--awb-margin-bottom:0%;--awb-flex-wrap:wrap;\" ><div class=\"fusion-builder-row fusion-row\"><div class=\"fusion-layout-column fusion_builder_column fusion-builder-column-0 fusion_builder_column_1_1 1_1 fusion-one-full fusion-column-first fusion-column-last\" style=\"--awb-bg-size:cover;\"><div class=\"fusion-column-wrapper fusion-column-has-shadow fusion-flex-column-wrapper-legacy\"><div class=\"fusion-column-content-centered\"><div class=\"fusion-column-content\"><div class=\"fusion-sep-clear\"><\/div><div class=\"fusion-separator fusion-no-medium-visibility fusion-no-large-visibility\" style=\"margin-left: auto;margin-right: auto;margin-top:-60px;margin-bottom:0px;width:100%;max-width:80px;\"><\/div><div class=\"fusion-sep-clear\"><\/div><div class=\"fusion-image-carousel fusion-image-carousel-fixed fusion-image-carousel-1\"><div class=\"awb-carousel awb-swiper awb-swiper-carousel awb-swiper-dots-position-bottom awb-carousel--carousel\" data-layout=\"carousel\" data-autoplay=\"no\" data-autoplayspeed=\"2500\" data-autoplaypause=\"no\" data-columns=\"3\" data-itemmargin=\"0\" data-itemwidth=\"180\" data-touchscroll=\"no\" data-freemode=\"no\" data-imagesize=\"fixed\" data-scrollitems=\"0\" data-centeredslides=\"no\" data-rotationangle=\"50\" data-depth=\"100\" data-speed=\"500\" data-shadow=\"no\" style=\"--awb-columns:3;--awb-column-spacing:0px;\"><div class=\"swiper-wrapper awb-image-carousel-wrapper fusion-flex-align-items-center\"><div class=\"swiper-slide\"><div class=\"fusion-carousel-item-wrapper\"><div class=\"fusion-image-wrapper hover-type-none\"><img loading=\"lazy\" decoding=\"async\" width=\"460\" height=\"295\" src=\"https:\/\/ananya.ro\/wp-content\/uploads\/2019\/12\/Temple_resized-1-460x295.jpg\" class=\"attachment-portfolio-two size-portfolio-two\" alt=\"\" \/><\/div><\/div><\/div><div class=\"swiper-slide\"><div class=\"fusion-carousel-item-wrapper\"><div class=\"fusion-image-wrapper hover-type-none\"><img loading=\"lazy\" decoding=\"async\" width=\"460\" height=\"295\" src=\"https:\/\/ananya.ro\/wp-content\/uploads\/2019\/12\/kollam-460x295.png\" class=\"attachment-portfolio-two size-portfolio-two\" alt=\"\" \/><\/div><\/div><\/div><div class=\"swiper-slide\"><div class=\"fusion-carousel-item-wrapper\"><div class=\"fusion-image-wrapper hover-type-none\"><img loading=\"lazy\" decoding=\"async\" width=\"460\" height=\"295\" src=\"https:\/\/ananya.ro\/wp-content\/uploads\/2019\/12\/Temple3-460x295.jpg\" class=\"attachment-portfolio-two size-portfolio-two\" alt=\"\" \/><\/div><\/div><\/div><\/div><\/div><\/div><div class=\"fusion-text fusion-text-1\"><h3 style=\"text-align: center;\"><strong>PENTRU CORPORATE<\/strong><\/h3>\n<\/div><div class=\"fusion-text fusion-text-2\"><p style=\"text-align: center;\"><strong>C\u00c2ND STAREA DE BINE ADUCE REU\u0218ITA PROFESIONAL\u0102\u2026<\/strong><\/p>\n<\/div><div class=\"fusion-sep-clear\"><\/div><div class=\"fusion-separator\" style=\"margin-left: auto;margin-right: auto;margin-top:10px;margin-bottom:0px;width:100%;max-width:80px;\"><div class=\"fusion-separator-border sep-single sep-solid\" style=\"--awb-height:20px;--awb-amount:20px;border-color:#b9afa1;border-top-width:1px;\"><\/div><\/div><div class=\"fusion-sep-clear\"><\/div><div class=\"fusion-sep-clear\"><\/div><div class=\"fusion-separator\" style=\"margin-left: auto;margin-right: auto;margin-top:-30px;margin-bottom:0px;width:100%;max-width:80px;\"><\/div><div class=\"fusion-sep-clear\"><\/div><div class=\"fusion-content-boxes content-boxes columns row fusion-columns-1 fusion-columns-total-1 fusion-content-boxes-1 content-boxes-timeline-vertical content-left content-boxes-timeline-layout content-boxes-icon-with-title fusion-delayed-animation\" style=\"--awb-backgroundcolor:rgba(255,255,255,0.64);--awb-body-color:rgba(0,0,0,0.67);--awb-margin-top:0px;--awb-margin-bottom:0px;--awb-hover-accent-color:#b9afa1;--awb-circle-hover-accent-color:#b9afa1;--awb-item-margin-bottom:40px;\" data-animation-delay=\"350\" data-animationOffset=\"top-into-view\"><div style=\"--awb-backgroundcolor:rgba(255,255,255,0.64);\" class=\"fusion-column content-box-column content-box-column content-box-column-1 col-lg-12 col-md-12 col-sm-12 fusion-content-box-hover content-box-column-last content-box-column-last-in-row\"><div class=\"col content-box-wrapper content-wrapper-background link-area-link-icon icon-hover-animation-fade fusion-animated\" data-animationType=\"fadeIn\" data-animationDuration=\"0.25\" data-animationOffset=\"top-into-view\"><div class=\"heading icon-left\"><h2 class=\"content-box-heading fusion-responsive-typography-calculated\" style=\"--h2_typography-font-size:18px;--fontSize:18;line-height:1.1;\">Your Content Goes Here<\/h2><\/div><div class=\"fusion-clearfix\"><\/div><div class=\"content-container\">\n<p>Yoga, medita\u021bia \u0219i terapia au efecte benefice nu doar asupra noastr\u0103 ca indivizi, ci \u0219i asupra vie\u021bii noastre profesionale, dezvolt\u00e2nd \u00eencrederea \u00een noi \u00een privin\u021ba alegerilor de carier\u0103 \u0219i \u00eembun\u0103t\u0103\u021bind rela\u021biile cu cei din jur.<\/p>\n<p>ANANYA pune la dispozi\u021bia companiilor abonamente la ateliere de yoga \u0219i \u0219edin\u021be de masaj (inclusiv la birou) pentru dezvoltarea personal\u0103 \u0219i profesional\u0103 a angaja\u021bilor.<\/p>\n<h4>Beneficiile yoga pentru angaja\u0163i<\/h4>\n<ul>\n<li>\u00cembun\u0103t\u0103\u021be\u0219te postura pe scaun la birou \u0219i reduce stresul considerabil.<\/li>\n<li>\u00cenva\u021b\u0103 angaja\u021bii s\u0103 fie focusa\u021bi \u0219i prezen\u021bi, ceea ce este util \u00een activitatea zilnic\u0103 \u0219i \u00eendeplinirea mai rapid\u0103 a task-urilor.<\/li>\n<li>Ajut\u0103 la ordonarea g\u00e2ndurilor, ceea ce aduce totodat\u0103 claritate asupra ceea ce angaja\u021bii au de f\u0103cut.<\/li>\n<li>Prin tr\u0103irea \u0219i concentrarea pe momentul prezent, AICI \u0219i ACUM, angaja\u021bii vor \u00eenv\u0103\u021ba s\u0103 fie mai relaxa\u021bi \u0219i s\u0103 abordeze lucrurile \u0219i eventualele conflicte cu calm.<\/li>\n<li>Prin focusul pe p\u0103r\u021bile pozitive \u0219i pe calit\u0103\u021bi, \u0219i mai pu\u021bin sau deloc pe partea negativ\u0103, angaja\u021bii vor \u00eenv\u0103\u021ba s\u0103 caute \u0219i s\u0103 pun\u0103 accentul pe solu\u021bii, \u0219i nu pe problemele ap\u0103rute pe parcursul realiz\u0103rii unui proiect.<\/li>\n<\/ul>\n<h4>Avantaje pentru companii<\/h4>\n<ul>\n<li>Angaja\u021bii devin mai loiali, fiind crescut\u0103 astfel rata de reten\u021bie a speciali\u0219tilor \u00een companie.<\/li>\n<li>Devii un angajator apreciat, care se diferen\u021biaz\u0103 pe pia\u021ba muncii, mai ales \u00een domenii ca IT unde num\u0103rul de candida\u021bi este redus.<\/li>\n<li>\u00ce\u021bi surprinzi angaja\u021bii cu un extra beneficiu salarial neconven\u021bional \u0219i cu efecte pozitive asupra dezvolt\u0103rii lor ca oameni.<\/li>\n<li>Este o investi\u021bie cu rezultate imediate \u00een companii, vizibile \u00een special \u00een atmosfera de la birou, dar \u0219i \u00een cre\u0219terea productivit\u0103\u021bii \u0219i a eficien\u021bei \u00een activitatea zilnic\u0103.<\/li>\n<li>Ai angaja\u021bi mai ferici\u021bi \u0219i mai dedica\u021bi la locul de munc\u0103, reu\u0219ind s\u0103 reduci costurile pe termen lung.<\/li>\n<li>Yoga \u00eenseamn\u0103 focus acum pentru succes \u00een viitor!<\/li>\n<\/ul>\n<\/div><\/div><\/div><div class=\"fusion-clearfix\"><\/div><\/div><div class=\"fusion-alignleft\"><a class=\"fusion-button button-flat fusion-button-default-size button-default fusion-button-default button-1 fusion-button-default-span fusion-button-default-type\" target=\"_self\" href=\"https:\/\/ananya.ro\/index.php\/1172-2\/\"><span class=\"fusion-button-text awb-button__text awb-button__text--default\">Contact Now<\/span><\/a><\/div><\/div><\/div><div class=\"fusion-clearfix\"><\/div><\/div><\/div><\/div><\/div><div class=\"fusion-bg-parallax\" data-bg-align=\"center bottom\" data-direction=\"up\" data-mute=\"false\" data-opacity=\"100\" data-velocity=\"-0.3\" data-mobile-enabled=\"false\" data-break_parents=\"0\" data-bg-image=\"https:\/\/mlkw0hsvzhpi.i.optimole.com\/w:1024\/h:682\/q:67\/https:\/\/ananya.ro\/wp-content\/uploads\/2019\/12\/Temple4.jpg\" data-bg-repeat=\"false\" ><\/div><div class=\"fusion-fullwidth fullwidth-box fusion-builder-row-2 fusion-parallax-up nonhundred-percent-fullwidth non-hundred-percent-height-scrolling\" style=\"--awb-background-position:center bottom;--awb-border-sizes-top:0px;--awb-border-sizes-bottom:0px;--awb-border-sizes-left:0px;--awb-border-sizes-right:0px;--awb-border-radius-top-left:0px;--awb-border-radius-top-right:0px;--awb-border-radius-bottom-right:0px;--awb-border-radius-bottom-left:0px;--awb-padding-top:0%;--awb-padding-bottom:0%;--awb-background-image:url(&quot;https:\/\/mlkw0hsvzhpi.i.optimole.com\/w:1024\/h:682\/q:67\/https:\/\/ananya.ro\/wp-content\/uploads\/2019\/12\/Temple4.jpg&quot;);--awb-background-size:cover;--awb-flex-wrap:wrap;\" ><div class=\"fusion-builder-row fusion-row\"><div class=\"fusion-layout-column fusion_builder_column fusion-builder-column-1 fusion_builder_column_1_5 1_5 fusion-one-fifth fusion-column-first fusion-no-small-visibility\" style=\"--awb-bg-size:cover;width:16.8%; margin-right: 4%;\"><div class=\"fusion-column-wrapper fusion-flex-column-wrapper-legacy\"><div class=\"fusion-clearfix\"><\/div><\/div><\/div><div class=\"fusion-layout-column fusion_builder_column fusion-builder-column-2 fusion_builder_column_3_5 3_5 fusion-three-fifth\" style=\"--awb-bg-size:cover;--awb-margin-top:75px;--awb-margin-bottom:75px;width:58.4%; margin-right: 4%;\"><div class=\"fusion-column-wrapper fusion-column-has-shadow fusion-flex-column-wrapper-legacy\"><div class=\"fusion-testimonials clean awb-speech-bubble-show fusion-testimonials-1\" style=\"--awb-textcolor:#ffffff;--awb-backgroundcolor:rgba(255,255,255,0);--awb-testimonial-border-style:solid;--awb-testimonial-border-color:var(--awb-color3);--awb-border-top-left-radius:0px;--awb-border-top-right-radius:0px;--awb-border-bottom-left-radius:0px;--awb-border-bottom-right-radius:0px;--testimonial-border-width-top:0px;--testimonial-border-width-right:0px;--testimonial-border-width-bottom:0px;--testimonial-border-width-left:0px;\" data-random=\"0\" data-speed=\"4000\"><div class=\"reviews\"><div class=\"review active-testimonial avatar-above no-avatar\"><blockquote class=\"testimonials-shortcode-blockquote\"><div class=\"awb-quote\"><div class=\"awb-quote-content\">\n<h1 style=\"text-align: center;\" data-fontsize=\"62\" data-lineheight=\"68\"><em>\u201cMy body is my temple and asanas are my prayers\u201d<\/em><\/h1>\n<\/div><\/div><\/blockquote><div class=\"author\"><span class=\"company-name\"><strong>B.K.S Iyengar<\/strong>, <span>Yoga Guru<\/span><\/span><\/div><\/div><\/div><\/div><div class=\"fusion-clearfix\"><\/div><\/div><\/div><div class=\"fusion-layout-column fusion_builder_column fusion-builder-column-3 fusion_builder_column_1_5 1_5 fusion-one-fifth fusion-column-last fusion-no-small-visibility\" style=\"--awb-bg-size:cover;width:16.8%;\"><div class=\"fusion-column-wrapper fusion-flex-column-wrapper-legacy\"><div class=\"fusion-clearfix\"><\/div><\/div><\/div><\/div><\/div>\n<div class=\"fusion-bg-parallax\" data-bg-align=\"left top\" data-direction=\"up\" data-mute=\"false\" data-opacity=\"100\" data-velocity=\"-0.2\" data-mobile-enabled=\"false\" data-break_parents=\"0\" data-bg-image=\"https:\/\/mlkw0hsvzhpi.i.optimole.com\/w:auto\/h:auto\/q:67\/https:\/\/ananya.ro\/wp-content\/uploads\/2018\/06\/ptb_cta-new.jpg\" data-bg-repeat=\"false\" data-bg-color=\"#5c5b5c\" ><\/div><div class=\"fusion-fullwidth fullwidth-box fusion-builder-row-3 fusion-parallax-up nonhundred-percent-fullwidth non-hundred-percent-height-scrolling fusion-equal-height-columns\" style=\"--awb-background-position:left top;--awb-border-sizes-top:0px;--awb-border-sizes-bottom:0px;--awb-border-sizes-left:0px;--awb-border-sizes-right:0px;--awb-border-radius-top-left:0px;--awb-border-radius-top-right:0px;--awb-border-radius-bottom-right:0px;--awb-border-radius-bottom-left:0px;--awb-padding-top:20px;--awb-padding-bottom:10px;--awb-background-color:#5c5b5c;--awb-background-image:url(&quot;https:\/\/mlkw0hsvzhpi.i.optimole.com\/w:auto\/h:auto\/q:67\/https:\/\/ananya.ro\/wp-content\/uploads\/2018\/06\/ptb_cta-new.jpg&quot;);--awb-background-size:cover;--awb-flex-wrap:wrap;\" ><div class=\"fusion-builder-row fusion-row\"><div class=\"fusion-layout-column fusion_builder_column fusion-builder-column-4 fusion_builder_column_1_1 1_1 fusion-one-full fusion-column-first fusion-column-last\" style=\"--awb-bg-size:cover;--awb-margin-top:0px;--awb-margin-bottom:5px;\"><div class=\"fusion-column-wrapper fusion-column-has-shadow fusion-flex-column-wrapper-legacy\"><div class=\"fusion-column-content-centered\"><div class=\"fusion-column-content\"><div class=\"fusion-text fusion-text-3\"><h2 style=\"text-align: center;\" data-inline-fontsize=\"30px\" data-inline-lineheight=\"1.4em\" data-fontsize=\"30\" data-lineheight=\"42\">Take some time. Treat yourself. You deserve it.<\/h2>\n<\/div><\/div><\/div><div class=\"fusion-clearfix\"><\/div><\/div><\/div><div class=\"fusion-layout-column fusion_builder_column fusion-builder-column-5 fusion_builder_column_1_1 1_1 fusion-one-full fusion-column-first fusion-column-last\" style=\"--awb-bg-size:cover;--awb-margin-top:0px;--awb-margin-bottom:0px;\"><div class=\"fusion-column-wrapper fusion-column-has-shadow fusion-flex-column-wrapper-legacy\"><div class=\"fusion-column-content-centered\"><div class=\"fusion-column-content\"><div class=\"fusion-aligncenter\"><a class=\"fusion-button button-flat fusion-button-default-size button-default fusion-button-default button-2 fusion-button-default-span fusion-button-default-type\" target=\"_self\" href=\"https:\/\/ananya.ro\/index.php\/yoga\/\"><span class=\"fusion-button-text awb-button__text awb-button__text--default\">Yoga<\/span><\/a><\/div><div class=\"fusion-sep-clear\"><\/div><div class=\"fusion-separator fusion-full-width-sep\" style=\"margin-left: auto;margin-right: auto;margin-top:5px;margin-bottom:5px;width:100%;\"><\/div><div class=\"fusion-sep-clear\"><\/div><\/div><\/div><div class=\"fusion-clearfix\"><\/div><\/div><\/div><div class=\"fusion-layout-column fusion_builder_column fusion-builder-column-6 fusion_builder_column_1_1 1_1 fusion-one-full fusion-column-first fusion-column-last\" style=\"--awb-bg-size:cover;--awb-margin-top:0px;--awb-margin-bottom:0px;\"><div class=\"fusion-column-wrapper fusion-column-has-shadow fusion-flex-column-wrapper-legacy\"><div class=\"fusion-column-content-centered\"><div class=\"fusion-column-content\"><div class=\"fusion-aligncenter\"><a class=\"fusion-button button-flat fusion-button-default-size button-default fusion-button-default button-3 fusion-button-default-span fusion-button-default-type\" target=\"_self\" href=\"https:\/\/ananya.ro\/index.php\/masaj\/\"><span class=\"fusion-button-text awb-button__text awb-button__text--default\">MASAJ<\/span><\/a><\/div><\/div><\/div><div class=\"fusion-clearfix\"><\/div><\/div><\/div><\/div><\/div>\n<div class=\"fusion-fullwidth fullwidth-box fusion-builder-row-4 fusion-flex-container nonhundred-percent-fullwidth non-hundred-percent-height-scrolling\" style=\"--awb-border-radius-top-left:0px;--awb-border-radius-top-right:0px;--awb-border-radius-bottom-right:0px;--awb-border-radius-bottom-left:0px;--awb-flex-wrap:wrap;\" ><div class=\"fusion-builder-row fusion-row fusion-flex-align-items-flex-start fusion-flex-content-wrap\" style=\"max-width:1216.8px;margin-left: calc(-4% \/ 2 );margin-right: calc(-4% \/ 2 );\"><div class=\"fusion-layout-column fusion_builder_column fusion-builder-column-7 fusion_builder_column_1_1 1_1 fusion-flex-column\" style=\"--awb-bg-size:cover;--awb-width-large:100%;--awb-margin-top-large:20px;--awb-spacing-right-large:1.92%;--awb-margin-bottom-large:20px;--awb-spacing-left-large:1.92%;--awb-width-medium:100%;--awb-order-medium:0;--awb-spacing-right-medium:1.92%;--awb-spacing-left-medium:1.92%;--awb-width-small:100%;--awb-order-small:0;--awb-spacing-right-small:1.92%;--awb-spacing-left-small:1.92%;\"><div class=\"fusion-column-wrapper fusion-column-has-shadow fusion-flex-justify-content-flex-start fusion-content-layout-column\"><script src=\"\/\/widget.simplybook.it\/v2\/widget\/widget.js\"><\/script>\n<script>var widget = new SimplybookWidget({\"widget_type\":\"reviews\",\"url\":\"https:\\\/\\\/loginananya.simplybook.it\",\"theme\":\"tender\",\"theme_settings\":{\"sb_base_color\":\"#d42853\",\"timeline_hide_unavailable\":\"0\",\"timeline_show_end_time\":\"0\",\"timeline_modern_display\":\"as_slots\",\"display_item_mode\":\"block\",\"booking_nav_bg_color\":\"#dbdbd8\",\"body_bg_color\":\"#ffffff\",\"dark_font_color\":\"#474747\",\"light_font_color\":\"#ffffff\",\"btn_color_1\":\"#517dc4\",\"sb_company_label_color\":\"#ffffff\",\"hide_img_mode\":\"\",\"show_sidebar\":\"1\",\"sb_busy\":\"#dad2ce\",\"sb_available\":\"#d3e0f1\"},\"timeline\":null,\"datepicker\":null,\"is_rtl\":false,\"app_config\":{\"predefined\":[]},\"reviews_count\":\"3\",\"hide_add_reviews\":\"0\"});<\/script><\/div><\/div><\/div><\/div>\n<\/p>\n","protected":false},"excerpt":{"rendered":"","protected":false},"author":1,"featured_media":0,"parent":0,"menu_order":0,"comment_status":"closed","ping_status":"closed","template":"100-width.php","meta":{"_acf_changed":false,"footnotes":""},"class_list":["post-1159","page","type-page","status-publish","hentry"],"acf":[],"_links":{"self":[{"href":"https:\/\/ananya.ro\/index.php\/wp-json\/wp\/v2\/pages\/1159","targetHints":{"allow":["GET"]}}],"collection":[{"href":"https:\/\/ananya.ro\/index.php\/wp-json\/wp\/v2\/pages"}],"about":[{"href":"https:\/\/ananya.ro\/index.php\/wp-json\/wp\/v2\/types\/page"}],"author":[{"embeddable":true,"href":"https:\/\/ananya.ro\/index.php\/wp-json\/wp\/v2\/users\/1"}],"replies":[{"embeddable":true,"href":"https:\/\/ananya.ro\/index.php\/wp-json\/wp\/v2\/comments?post=1159"}],"version-history":[{"count":8,"href":"https:\/\/ananya.ro\/index.php\/wp-json\/wp\/v2\/pages\/1159\/revisions"}],"predecessor-version":[{"id":3157,"href":"https:\/\/ananya.ro\/index.php\/wp-json\/wp\/v2\/pages\/1159\/revisions\/3157"}],"wp:attachment":[{"href":"https:\/\/ananya.ro\/index.php\/wp-json\/wp\/v2\/media?parent=1159"}],"curies":[{"name":"wp","href":"https:\/\/api.w.org\/{rel}","templated":true}]}}